 = 3*o**2 + 4*o + 13. Calculate s(-4).
45
Let d(n) = 22*n**3 - 6*n**2 + 2*n + 6. What is d(2)?
162
Let z(u) = -180*u - 3953. Determine z(-22).
7
Let a(t) = -t - 14. What is a(-8)?
-6
Let b(j) = 2*j + 12. Calculate b(-9).
-6
Let l(y) = -8*y**2 + 37*y - 132. What is l(4)?
-112
Let y(m) = 4*m**2 + 84*m - 8. Give y(-20).
-88
Let j(r) = -250*r - 25059. Determine j(-100).
-59
Let y(c) = -3*c**2 - 894*c - 892. Determine y(-1).
-1
Let o(x) = -89*x**2 + 29*x - 12. Determine o(3).
-726
Let d(x) = 6*x**3 + 326*x**2 + 109*x + 36. What is d(-54)?
-18
Let b(w) = -w**3 + 38*w**2 - 171*w + 178. What is b(33)?
-20
Let x(k) = -k**2 + 240*k - 8779. Determine x(195).
-4
Let s(k) = -82*k + 18. Determine s(-1).
100
Let b(t) = -t**3 - 11*t**2 - 10*t - 455. Calculate b(-13).
13
Let r(k) = k**3 + 22*k**2 - 24*k + 56. What is r(-23)?
79
Let q(a) = a**2 - 8*a - 424. What is q(-15)?
-79
Let c(h) = 127*h + 391. What is c(-3)?
10
Let t(c) = 15*c**2 + 82*c - 43. Determine t(-6).
5
Let w(a) = a**3 + 9*a**2 - 7*a - 54. What is w(-9)?
9
Let d(b) = -111*b**2 - 217*b + 3. Determine d(-2).
-7
Let c(j) = -5*j - 121. Give c(-33).
44
Let q(y) = -19*y**2 + 92*y + 13. Give q(5).
-2
Let g(i) = -2*i**2 - 13*i + 54. What is g(-12)?
-78
Let y(j) = j**2 + 11*j - 90. Calculate y(-17).
12
Let r(g) = 16*g - 1157. What is r(61)?
-181
Let k(c) = -c**2 - 2063*c - 18478. Give k(-9).
8
Let r(h) = 33*h - 1546. Give r(48).
38
Let w(l) = 15*l + 836. Calculate w(-55).
11
Let i(z) = -z**3 - 55*z**2 + 167*z - 409. Calculate i(-58).
-3
Let k(r) = -3561*r - 7111. Give k(-2).
11
Let h(l) = 8*l**2 - 552*l - 53. Give h(69).
-53
Let w(a) = -a**3 - 15*a**2 - 56*a + 13. Determine w(-8).
13
Let a(p) = 498*p - 636. What is a(1)?
-138
Let w(m) = -m**2 + 48*m - 36. Calculate w(57).
-549
Let w(x) = 38*x - 870. What is w(23)?
4
Let d(m) = 46*m - 691. Give d(15).
-1
Let b(k) = 38*k - 381. Determine b(10).
-1
Let z(y) = y**3 + 11*y**2 + 25*y + 3. Determine z(-8).
-5
Let r(d) = 37*d**2 + 24*d - 96. Determine r(-2).
4
Let l(a) = 4*a**3 - 36*a**2 + 73*a + 2. Calculate l(4).
-26
Let g(m) = 2*m**3 - 5*m**2 - m + 3. Determine g(5).
123
Let m(l) = -30*l**3 - 301*l**2 - 279*l - 4. What is m(-9)?
-4
Let q(p) = -635*p - 1897. Give q(-3).
8
Let i(c) = -8*c**3 - 28*c**2 + 19*c + 67. Give i(-4).
55
Let s(j) = -j**3 + 2*j**2 + 49*j - 12. Determine s(-10).
698
Let q(n) = 53*n + 2219. Calculate q(-42).
-7
Let r(m) = -m**3 + 39*m**2 + 736*m + 307. Calculate r(53).
-11
Let l(v) = -124*v + 5445. Calculate l(44).
-11
Let w(s) = 4*s**3 - 11*s**2 + 488*s - 1469. What is w(3)?
4
Let g(t) = -31*t + 895. Determine g(29).
-4
Let l(j) = -5*j**2 - 35*j - 10. What is l(-7)?
-10
Let x(p) = p**2 - 35*p - 3351. Calculate x(-43).
3
Let y(v) = v**3 + v**2 + v - 93. What is y(0)?
-93
Let z(r) = -r**2 - 64*r + 973. Determine z(-78).
-119
Let b(s) = -s**3 + 23*s**2 + 5*s + 454. Give b(24).
-2
Let g(l) = -2*l + 194. Calculate g(-12).
218
Let p(w) = -3*w**2 + 76*w - 20. Calculate p(24).
76
Let v(k) = 95*k - 2100. What is v(22)?
-10
Let b(g) = -18*g - 405. What is b(-22)?
-9
Let a(s) = 20*s - 360. Determine a(14).
-80
Let z(g) = -16*g - 87. Calculate z(-6).
9
Let q(o) = 368*o - 10311. What is q(28)?
-7
Let u(n) = 26*n**2 + 446*n - 395. Determine u(-18).
1
Let u(a) = -2197*a - 24168. Calculate u(-11).
-1
Let u(k) = -415*k**2 - 58*k - 55. Calculate u(-1).
-412
Let o(l) = -l**3 + 39*l**2 + 372*l + 209. Give o(47).
21
Let u(m) = -27*m - 564. Give u(-22).
30
Let s(n) = 703*n - 3501. Determine s(5).
14
Let q(m) = m**2 - 31*m - 323. What is q(-8)?
-11
Let c(w) = -w**3 + 173*w**2 + 363*w - 2296. Give c(175).
-21
Let c(z) = -158*z + 2653. Give c(17).
-33
Let r(k) = 145*k + 3702. Give r(-22).
512
Let a(h) = -2*h**2 - 91*h - 120. What is a(-44)?
12
Let y(q) = -5*q**2 - 7*q + 40. Determine y(3).
-26
Let f(a) = -60*a - 3379. Give f(-56).
-19
Let b(o) = 34*o + 1646. Give b(-48).
14
Let r(s) = -721*s**2 + 5049*s - 17. Calculate r(7).
-3
Let n(b) = 1177*b + 16470. Calculate n(-14).
-8
Let u(v) = -2*v**3 + 7*v**2 + 146*v - 6. Determine u(-7).
1
Let v(a) = 6*a**2 - 83*a + 247. Calculate v(10).
17
Let a(k) = 228*k - 16419. Calculate a(72).
-3
Let t(j) = -j**3 - 37*j**2 - 157*j + 53. Give t(-32).
-43
Let h(n) = n**2 - 25*n + 35. Determine h(34).
341
Let o(g) = 622*g - 5359. Calculate o(9).
239
Let m(i) = 30*i + 207. Give m(-12).
-153
Let y(j) = -j**3 + 5*j**2 + 14*j - 42. Give y(7).
-42
Let b(l) = l**3 + 112*l**2 - 232*l - 452. Calculate b(-114).
4
Let x(d) = 52*d - 134. What is x(8)?
282
Let c(y) = -309*y - 3138. Determine c(-10).
-48
Let u(o) = 2*o**3 + 360*o**2 + 367*o + 1613. What is u(-179)?
2
Let x(k) = 25*k - 1990. Give x(50).
-740
Let a(v) = -210*v + 1168. Determine a(6).
-92
Let p(j) = -j**3 + 7*j**2 - 8*j + 62. Give p(7).
6
Let x(d) = -3*d**2 - 80*d - 23. Determine x(-35).
-898
Let d(s) = s**3 - 114*s**2 - 601*s + 709. Determine d(119).
-5
Let z(b) = b**2 + 8*b - 658. Calculate z(-30).
2
Let c(n) = n**2 - 40*n + 181. Give c(39).
142
Let n(z) = 4*z**2 + 63*z + 212. What is n(-5)?
-3
Let p(i) = -109*i**2 + 39*i + 27. Give p(-2).
-487
Let g(u) = 2*u**3 + 152*u**2 - 473*u + 84. Give g(-79).
5
Let m(c) = c**3 - 13*c**2 - 116*c + 26. What is m(19)?
-12
Let n(g) = 1300*g - 19482. Calculate n(15).
18
Let v(z) = -77*z + 1946. Calculate v(27).
-133
Let a(n) = n**2 - 108*n + 1749. Determine a(81).
-438
Let m(o) = -o**2 - 45*o - 530. What is m(-23)?
-24
Let b(i) = 30*i**3 + 150*i**2 - 259*i - 1301. Give b(-5).
-6
Let k(i) = i**3 - 241*i**2 + 1174*i + 1407. Calculate k(236).
-9
Let j(s) = 3*s**2 + 25*s - 263. Determine j(7).
59
Let a(l) = 2*l + 49. Calculate a(-7).
35
Let h(f) = 7*f**2 - 2*f - 14. Give h(-4).
106
Let t(m) = 226*m - 50001. Calculate t(221).
-55
Let s(k) = 2*k**3 - 68*k**2 + 67*k + 8. What is s(33)?
41
Let p(o) = -125*o + 6378. Calculate p(51).
3
Let s(f) = f**3 + 23*f**2 - 83*f. Calculate s(-26).
130
Let c(w) = -2*w + 107. Calculate c(55).
-3
Let h(f) = -59*f**2 + 60*f - 10. Give h(1).
-9
Let d(q) = -3*q**3 - 3*q**2 + 1674*q + 1. Determine d(0).
1
Let n(y) = y**2 - 147*y + 601. Give n(4).
29
Let o(u) = -4*u**2 + 8*u + 49. Determine o(6).
-47
Let v(x) = -x**3 + 11*x**2 - 26*x + 7. Calculate v(9).
-65
Let h(p) = -p**3 + 27*p**2 - 30*p + 207. Give h(26).
103
Let j(y) = -2*y**2 - 82*y - 518. Determine j(-8).
10
Let x(s) = 16*s - 35. Calculate x(3).
13
Let w(p) = 8938*p - 53631. Give w(6).
-3
Let f(i) = i**3 - 3*i**2 + 95*i + 309. Give f(-3).
-30
Let a(l) = l**3 - l**2 - 272*l + 804. Determine a(3).
6
Let n(h) = -9*h**3 + 5*h**2 + 9*h - 12. Determine n(1).
-7
Let g(a) = -5012*a - 20035. What is g(-4)?
13
Let z(f) = -114*f - 31. Calculate z(1).
-145
Let i(r) = 17*r + 260. What is i(-11)?
73
Let y(g) = -16*g + 212. What is y(17)?
-60
Let c(f) = 4*f + 365. Determine c(-38).
213
Let h(m) = -23*m - 406. Calculate h(-18).
8
Let n(d) = 2834*d + 14161. Give n(-5).
-9
Let m(o) = -480*o - 1. Calculate m(0).
-1
Let b(o) = o**3 - 26*o**2 - 86*o - 27. Calculate b(29).
2
Let w(f) = 49*f + 5880. Determine w(-120).
0
Let g(p) = -2*p**3 - 39*p**2 - 14*p + 496. Calculate g(-18).
-224
Let s(z) = 12*z**3 + 3*z**2 - 4*z. What is s(1)?
11
Let d(w) = 393*w - 5120. Calculate d(13).
-11
Let c(t) = 2*t**3 - 25*t**2 + 6*t + 8. What is c(10)?
-432
Let y(g) = -3*g**3 + 6*g**2 + 8*g - 20. Calculate y(4).
-84
Let h(u) = -3*u**2 + 104*u - 44. Give h(35).
-79
Let m(l) = l**3 - 11*l**2 + 26*l + 16. Determine m(9).
88
Let t(n) = n**3 - 4*n**2 + 12*n + 11. What is t(0)?
11
Let j(v) = v**2 - 167*v + 2668. Calculate j(18).
-14
Let h(m) = 12*m**2 + 3*m - 6. Give h(2).
48
Let t(f) = 17*f**2 + 140*f - 685. What is t(5)?
440
Let r(v) = 46*v - 4250. Determine r(92).
-18
Let b(l) = -571*l - 746. Determine b(-1).
-175
Let n(g) = -19*g**2 + 783*g + 636. What is n(42)?
6
Let n(q) = 691*q**3 + 3*q**2 + 9*q - 12. Calculate n(1).
691
Let l(a) = 1361*a - 34029. Calculate l(25).
-4
Let t(h) = 1377*h + 22. What is t(0)?
22
Let f(r) = r**3 - 3*r**2 - 27*r + 40. Calculate f(6).
-14
Let k(a) = -3*a**3 - 16*a**2 + 26. Determine k(-5).
1
Let i(k) = k**3 + 23*k**2 + 2*k + 98. Give i(-23).
52
Let b(g) = 179*g + 892. Give b(-5).
-3
Let v(q) = -q**2 + 21*q - 69. Determine v(20).
-49
Let w(m) = 178*m - 1079. Give w(6).
-11
Let n(h) = -9*h**2 - 22*h + 142. What is n(6)?
-314
Let j(w) = 32*w - 2458. Give j(74).
-90
Let p(i) = -i